{"id":1654,"date":"2020-02-10T14:47:56","date_gmt":"2020-02-10T13:47:56","guid":{"rendered":"https:\/\/www.vergerdefouisseul.com\/?page_id=1654"},"modified":"2023-07-12T11:56:02","modified_gmt":"2023-07-12T09:56:02","slug":"aerogommage","status":"publish","type":"page","link":"https:\/\/www.vergerdefouisseul.com\/index.php\/latelier-deco\/aerogommage\/","title":{"rendered":"les prestations d&rsquo;a\u00e9rogommage"},"content":{"rendered":"\n<p><\/p>\n\n\n\n<p>L&rsquo;a\u00e9rogommage est un proc\u00e9d\u00e9 de traitement de surface d\u00e9riv\u00e9 de la technique de sablage. Respectueux de l&rsquo;environnement, n&rsquo;utilisant que des composants naturels, il consiste en la projection d&rsquo;un abrasif (min\u00e9ral ou v\u00e9g\u00e9tal) v\u00e9hicul\u00e9 \u00e0 l&rsquo;aide d&rsquo;air comprim\u00e9 \u00e0 basse pression en vue du d\u00e9capage, nettoyage, d\u00e9graissage de surface.<br>Cette technique est adapt\u00e9e aux travaux de pr\u00e9cisions et \u00e0 l&#8217;emploi dans des endroits difficilement accessibles. Contrairement au sablage qui pr\u00e9serve beaucoup moins les supports d&rsquo;une abrasion agressive engendrant des r\u00e9sultats souvent irr\u00e9versibles.<br>L&#8217;emploi de basse pression et le choix d&rsquo;une large gamme d&rsquo;abrasifs, permet une efficacit\u00e9 sur tous supports (le bois, le m\u00e9tal, la pierre).<br>L&rsquo;utilisation d&rsquo;abrasifs de tr\u00e8s faibles granulom\u00e9tries, permet le respect total sans alt\u00e9rations de son aspect originel.<\/p>\n\n\n\n<p>Par manque de temps, je ne propose plus ses prestations, mais vous pouvez vous rapprocher de la boutique les <a href=\"https:\/\/www.magasin-peinture-rennes.fr\/decapage-aerogommage-sablage-mobilier-bois-m%C3%A9tal-pierre-rennes-volets-portes-meubles-portails-facades-fenetres-terrasses-murets-chaises-poutres-escaliers-chaises.asp\" target=\"_blank\" rel=\"noreferrer noopener\">Co&rsquo;Peint<\/a>  qui propose ce type de prestation (route de Lorient \u00e0 Rennes)<br><\/p>\n\n\n\n<p><\/p>\n\n\n\n<figure class=\"wp-block-gallery has-nested-images columns-default is-cropped wp-block-gallery-1 is-layout-flex wp-block-gallery-is-layout-flex\">\n<figure class=\"wp-block-image size-medium\"><a href=\"https:\/\/www.vergerdefouisseul.com\/wp-content\/uploads\/2020\/09\/IMG_20200903_181524-scaled.jpg\"><img loading=\"lazy\" decoding=\"async\" width=\"632\" height=\"843\" data-id=\"1788\" src=\"https:\/\/www.vergerdefouisseul.com\/wp-content\/uploads\/2020\/09\/IMG_20200903_181524-632x843.jpg\" alt=\"Cabriolet peint en noir avant a\u00e9rogommage\" class=\"wp-image-1788\" srcset=\"https:\/\/www.vergerdefouisseul.com\/wp-content\/uploads\/2020\/09\/IMG_20200903_181524-632x843.jpg 632w, https:\/\/www.vergerdefouisseul.com\/wp-content\/uploads\/2020\/09\/IMG_20200903_181524-1020x1360.jpg 1020w, https:\/\/www.vergerdefouisseul.com\/wp-content\/uploads\/2020\/09\/IMG_20200903_181524-768x1024.jpg 768w, https:\/\/www.vergerdefouisseul.com\/wp-content\/uploads\/2020\/09\/IMG_20200903_181524-1152x1536.jpg 1152w, https:\/\/www.vergerdefouisseul.com\/wp-content\/uploads\/2020\/09\/IMG_20200903_181524-1536x2048.jpg 1536w, https:\/\/www.vergerdefouisseul.com\/wp-content\/uploads\/2020\/09\/IMG_20200903_181524-scaled.jpg 1920w\" sizes=\"auto, (max-width: 632px) 100vw, 632px\" \/><\/a><figcaption class=\"wp-element-caption\">Cabriolet peint en noir avant a\u00e9rogommage<\/figcaption><\/figure>\n\n\n\n<figure class=\"wp-block-image size-medium\"><a href=\"https:\/\/www.vergerdefouisseul.com\/wp-content\/uploads\/2020\/09\/IMG_20200903_194127-scaled.jpg\"><img loading=\"lazy\" decoding=\"async\" width=\"632\" height=\"843\" data-id=\"1786\" src=\"https:\/\/www.vergerdefouisseul.com\/wp-content\/uploads\/2020\/09\/IMG_20200903_194127-632x843.jpg\" alt=\"Cabriolet apr\u00e8s a\u00e9rogommage\nLa peinture noire s'est l\u00e9g\u00e8rement incrust\u00e9e dans le bois brut au fil du temps\" class=\"wp-image-1786\" srcset=\"https:\/\/www.vergerdefouisseul.com\/wp-content\/uploads\/2020\/09\/IMG_20200903_194127-632x843.jpg 632w, https:\/\/www.vergerdefouisseul.com\/wp-content\/uploads\/2020\/09\/IMG_20200903_194127-1020x1360.jpg 1020w, https:\/\/www.vergerdefouisseul.com\/wp-content\/uploads\/2020\/09\/IMG_20200903_194127-768x1024.jpg 768w, https:\/\/www.vergerdefouisseul.com\/wp-content\/uploads\/2020\/09\/IMG_20200903_194127-1152x1536.jpg 1152w, https:\/\/www.vergerdefouisseul.com\/wp-content\/uploads\/2020\/09\/IMG_20200903_194127-1536x2048.jpg 1536w, https:\/\/www.vergerdefouisseul.com\/wp-content\/uploads\/2020\/09\/IMG_20200903_194127-scaled.jpg 1920w\" sizes=\"auto, (max-width: 632px) 100vw, 632px\" \/><\/a><figcaption class=\"wp-element-caption\">Cabriolet apr\u00e8s a\u00e9rogommage<br>La peinture noire s&rsquo;est l\u00e9g\u00e8rement incrust\u00e9e dans le bois brut au fil du temps<\/figcaption><\/figure>\n<\/figure>\n\n\n\n<figure class=\"wp-block-gallery has-nested-images columns-default is-cropped wp-block-gallery-2 is-layout-flex wp-block-gallery-is-layout-flex\">\n<figure class=\"wp-block-image size-thumbnail\"><a href=\"https:\/\/www.vergerdefouisseul.com\/wp-content\/uploads\/2022\/03\/20210303_160338-scaled.jpg\"><img loading=\"lazy\" decoding=\"async\" width=\"480\" height=\"280\" data-id=\"2065\" src=\"https:\/\/www.vergerdefouisseul.com\/wp-content\/uploads\/2022\/03\/20210303_160338-480x280.jpg\" alt=\"a\u00e9rogommage de cabriolet\" class=\"wp-image-2065\"\/><\/a><figcaption class=\"wp-element-caption\">Cabriolets avant et apr\u00e8s <\/figcaption><\/figure>\n\n\n\n<figure class=\"wp-block-image size-thumbnail\"><a href=\"https:\/\/www.vergerdefouisseul.com\/wp-content\/uploads\/2022\/03\/20210423_131442-scaled.jpg\"><img loading=\"lazy\" decoding=\"async\" width=\"480\" height=\"280\" data-id=\"2069\" src=\"https:\/\/www.vergerdefouisseul.com\/wp-content\/uploads\/2022\/03\/20210423_131442-480x280.jpg\" alt=\"a\u00e9rogommage de cabriolet\" class=\"wp-image-2069\"\/><\/a><figcaption class=\"wp-element-caption\">Cabriolets avant et apr\u00e8s <\/figcaption><\/figure>\n\n\n\n<figure class=\"wp-block-image size-thumbnail\"><a href=\"https:\/\/www.vergerdefouisseul.com\/wp-content\/uploads\/2022\/03\/20220122_160131-scaled.jpg\"><img loading=\"lazy\" decoding=\"async\" width=\"480\" height=\"280\" data-id=\"2059\" src=\"https:\/\/www.vergerdefouisseul.com\/wp-content\/uploads\/2022\/03\/20220122_160131-480x280.jpg\" alt=\"\" class=\"wp-image-2059\"\/><\/a><figcaption class=\"wp-element-caption\">structure de fauteuils avant et apr\u00e8s a\u00e9rogommage<\/figcaption><\/figure>\n\n\n\n<figure class=\"wp-block-image size-thumbnail\"><a href=\"https:\/\/www.vergerdefouisseul.com\/wp-content\/uploads\/2022\/03\/20210423_131512-scaled.jpg\"><img loading=\"lazy\" decoding=\"async\" width=\"480\" height=\"280\" data-id=\"2073\" src=\"https:\/\/www.vergerdefouisseul.com\/wp-content\/uploads\/2022\/03\/20210423_131512-480x280.jpg\" alt=\"\" class=\"wp-image-2073\"\/><\/a><figcaption class=\"wp-element-caption\">apr\u00e8s a\u00e9rogommage<\/figcaption><\/figure>\n\n\n\n<figure class=\"wp-block-image size-thumbnail\"><a href=\"https:\/\/www.vergerdefouisseul.com\/wp-content\/uploads\/2022\/03\/20210423_131516-scaled.jpg\"><img loading=\"lazy\" decoding=\"async\" width=\"480\" height=\"280\" data-id=\"2074\" src=\"https:\/\/www.vergerdefouisseul.com\/wp-content\/uploads\/2022\/03\/20210423_131516-480x280.jpg\" alt=\"\" class=\"wp-image-2074\"\/><\/a><figcaption class=\"wp-element-caption\">avant a\u00e9rogommage<\/figcaption><\/figure>\n\n\n\n<figure class=\"wp-block-image size-thumbnail\"><a href=\"https:\/\/www.vergerdefouisseul.com\/wp-content\/uploads\/2020\/09\/IMG_20200621_125742-scaled.jpg\"><img loading=\"lazy\" decoding=\"async\" width=\"480\" height=\"280\" data-id=\"1784\" src=\"https:\/\/www.vergerdefouisseul.com\/wp-content\/uploads\/2020\/09\/IMG_20200621_125742-480x280.jpg\" alt=\"\" class=\"wp-image-1784\"\/><\/a><figcaption class=\"wp-element-caption\">Chaises bistrot d\u00e9cap\u00e9es<\/figcaption><\/figure>\n\n\n\n<figure class=\"wp-block-image size-thumbnail\"><a href=\"https:\/\/www.vergerdefouisseul.com\/wp-content\/uploads\/2020\/09\/IMG_20200619_161356-scaled.jpg\"><img loading=\"lazy\" decoding=\"async\" width=\"480\" height=\"280\" data-id=\"1783\" src=\"https:\/\/www.vergerdefouisseul.com\/wp-content\/uploads\/2020\/09\/IMG_20200619_161356-480x280.jpg\" alt=\"\" class=\"wp-image-1783\"\/><\/a><figcaption class=\"wp-element-caption\">Chaise m\u00e9daillon en cours de d\u00e9capage<\/figcaption><\/figure>\n\n\n\n<figure class=\"wp-block-image size-thumbnail\"><a href=\"https:\/\/www.vergerdefouisseul.com\/wp-content\/uploads\/2020\/09\/IMG_20200619_152255-scaled.jpg\"><img loading=\"lazy\" decoding=\"async\" width=\"480\" height=\"280\" data-id=\"1782\" src=\"https:\/\/www.vergerdefouisseul.com\/wp-content\/uploads\/2020\/09\/IMG_20200619_152255-480x280.jpg\" alt=\"\" class=\"wp-image-1782\"\/><\/a><figcaption class=\"wp-element-caption\">A\u00e9rogommage en ext\u00e9rieur<\/figcaption><\/figure>\n<\/figure>\n","protected":false},"excerpt":{"rendered":"<p>L&rsquo;a\u00e9rogommage est un proc\u00e9d\u00e9 de traitement de surface d\u00e9riv\u00e9 de la technique de sablage. Respectueux de l&rsquo;environnement, n&rsquo;utilisant que des composants naturels, il consiste en la projection d&rsquo;un abrasif (min\u00e9ral ou v\u00e9g\u00e9tal) v\u00e9hicul\u00e9 \u00e0 l&rsquo;aide d&rsquo;air comprim\u00e9 \u00e0 basse pression en vue du d\u00e9capage, nettoyage, d\u00e9graissage de surface.Cette technique est adapt\u00e9e aux travaux de pr\u00e9cisions [&hellip;]<\/p>\n","protected":false},"author":1,"featured_media":1788,"parent":1141,"menu_order":0,"comment_status":"closed","ping_status":"closed","template":"","meta":{"footnotes":""},"class_list":["post-1654","page","type-page","status-publish","has-post-thumbnail","czr-hentry"],"yoast_head":"<!-- This site is optimized with the Yoast SEO plugin v25.9 - https:\/\/yoast.com\/wordpress\/plugins\/seo\/ -->\n<title>les prestations d&#039;a\u00e9rogommage - Le Verger de Fouisseul<\/title>\n<meta name=\"robots\" content=\"index, follow, max-snippet:-1, max-image-preview:large, max-video-preview:-1\" \/>\n<link rel=\"canonical\" href=\"https:\/\/www.vergerdefouisseul.com\/index.php\/latelier-deco\/aerogommage\/\" \/>\n<meta property=\"og:locale\" content=\"fr_FR\" \/>\n<meta property=\"og:type\" content=\"article\" \/>\n<meta property=\"og:title\" content=\"les prestations d&#039;a\u00e9rogommage - Le Verger de Fouisseul\" \/>\n<meta property=\"og:description\" content=\"L&rsquo;a\u00e9rogommage est un proc\u00e9d\u00e9 de traitement de surface d\u00e9riv\u00e9 de la technique de sablage. Respectueux de l&rsquo;environnement, n&rsquo;utilisant que des composants naturels, il consiste en la projection d&rsquo;un abrasif (min\u00e9ral ou v\u00e9g\u00e9tal) v\u00e9hicul\u00e9 \u00e0 l&rsquo;aide d&rsquo;air comprim\u00e9 \u00e0 basse pression en vue du d\u00e9capage, nettoyage, d\u00e9graissage de surface.Cette technique est adapt\u00e9e aux travaux de pr\u00e9cisions [&hellip;]\" \/>\n<meta property=\"og:url\" content=\"https:\/\/www.vergerdefouisseul.com\/index.php\/latelier-deco\/aerogommage\/\" \/>\n<meta property=\"og:site_name\" content=\"Le Verger de Fouisseul\" \/>\n<meta property=\"article:publisher\" content=\"https:\/\/www.facebook.com\/vergerfouisseul\" \/>\n<meta property=\"article:modified_time\" content=\"2023-07-12T09:56:02+00:00\" \/>\n<meta property=\"og:image\" content=\"https:\/\/www.vergerdefouisseul.com\/wp-content\/uploads\/2020\/09\/IMG_20200903_181524-scaled.jpg\" \/>\n\t<meta property=\"og:image:width\" content=\"1920\" \/>\n\t<meta property=\"og:image:height\" content=\"2560\" \/>\n\t<meta property=\"og:image:type\" content=\"image\/jpeg\" \/>\n<meta name=\"twitter:card\" content=\"summary_large_image\" \/>\n<meta name=\"twitter:label1\" content=\"Dur\u00e9e de lecture estim\u00e9e\" \/>\n\t<meta name=\"twitter:data1\" content=\"4 minutes\" \/>\n<script type=\"application\/ld+json\" class=\"yoast-schema-graph\">{\"@context\":\"https:\/\/schema.org\",\"@graph\":[{\"@type\":\"WebPage\",\"@id\":\"https:\/\/www.vergerdefouisseul.com\/index.php\/latelier-deco\/aerogommage\/\",\"url\":\"https:\/\/www.vergerdefouisseul.com\/index.php\/latelier-deco\/aerogommage\/\",\"name\":\"les prestations d'a\u00e9rogommage - Le Verger de Fouisseul\",\"isPartOf\":{\"@id\":\"https:\/\/www.vergerdefouisseul.com\/#website\"},\"primaryImageOfPage\":{\"@id\":\"https:\/\/www.vergerdefouisseul.com\/index.php\/latelier-deco\/aerogommage\/#primaryimage\"},\"image\":{\"@id\":\"https:\/\/www.vergerdefouisseul.com\/index.php\/latelier-deco\/aerogommage\/#primaryimage\"},\"thumbnailUrl\":\"https:\/\/www.vergerdefouisseul.com\/wp-content\/uploads\/2020\/09\/IMG_20200903_181524-scaled.jpg\",\"datePublished\":\"2020-02-10T13:47:56+00:00\",\"dateModified\":\"2023-07-12T09:56:02+00:00\",\"breadcrumb\":{\"@id\":\"https:\/\/www.vergerdefouisseul.com\/index.php\/latelier-deco\/aerogommage\/#breadcrumb\"},\"inLanguage\":\"fr-FR\",\"potentialAction\":[{\"@type\":\"ReadAction\",\"target\":[\"https:\/\/www.vergerdefouisseul.com\/index.php\/latelier-deco\/aerogommage\/\"]}]},{\"@type\":\"ImageObject\",\"inLanguage\":\"fr-FR\",\"@id\":\"https:\/\/www.vergerdefouisseul.com\/index.php\/latelier-deco\/aerogommage\/#primaryimage\",\"url\":\"https:\/\/www.vergerdefouisseul.com\/wp-content\/uploads\/2020\/09\/IMG_20200903_181524-scaled.jpg\",\"contentUrl\":\"https:\/\/www.vergerdefouisseul.com\/wp-content\/uploads\/2020\/09\/IMG_20200903_181524-scaled.jpg\",\"width\":1920,\"height\":2560,\"caption\":\"Cabriolet avant a\u00e9rogommage\"},{\"@type\":\"BreadcrumbList\",\"@id\":\"https:\/\/www.vergerdefouisseul.com\/index.php\/latelier-deco\/aerogommage\/#breadcrumb\",\"itemListElement\":[{\"@type\":\"ListItem\",\"position\":1,\"name\":\"Accueil\",\"item\":\"https:\/\/www.vergerdefouisseul.com\/\"},{\"@type\":\"ListItem\",\"position\":2,\"name\":\"L&#8217;atelier D\u00e9co\",\"item\":\"https:\/\/www.vergerdefouisseul.com\/index.php\/latelier-deco\/\"},{\"@type\":\"ListItem\",\"position\":3,\"name\":\"les prestations d&#8217;a\u00e9rogommage\"}]},{\"@type\":\"WebSite\",\"@id\":\"https:\/\/www.vergerdefouisseul.com\/#website\",\"url\":\"https:\/\/www.vergerdefouisseul.com\/\",\"name\":\"Le Verger de Fouisseul\",\"description\":\"\",\"potentialAction\":[{\"@type\":\"SearchAction\",\"target\":{\"@type\":\"EntryPoint\",\"urlTemplate\":\"https:\/\/www.vergerdefouisseul.com\/?s={search_term_string}\"},\"query-input\":{\"@type\":\"PropertyValueSpecification\",\"valueRequired\":true,\"valueName\":\"search_term_string\"}}],\"inLanguage\":\"fr-FR\"}]}<\/script>\n<!-- \/ Yoast SEO plugin. -->","yoast_head_json":{"title":"les prestations d'a\u00e9rogommage - Le Verger de Fouisseul","robots":{"index":"index","follow":"follow","max-snippet":"max-snippet:-1","max-image-preview":"max-image-preview:large","max-video-preview":"max-video-preview:-1"},"canonical":"https:\/\/www.vergerdefouisseul.com\/index.php\/latelier-deco\/aerogommage\/","og_locale":"fr_FR","og_type":"article","og_title":"les prestations d'a\u00e9rogommage - Le Verger de Fouisseul","og_description":"L&rsquo;a\u00e9rogommage est un proc\u00e9d\u00e9 de traitement de surface d\u00e9riv\u00e9 de la technique de sablage. Respectueux de l&rsquo;environnement, n&rsquo;utilisant que des composants naturels, il consiste en la projection d&rsquo;un abrasif (min\u00e9ral ou v\u00e9g\u00e9tal) v\u00e9hicul\u00e9 \u00e0 l&rsquo;aide d&rsquo;air comprim\u00e9 \u00e0 basse pression en vue du d\u00e9capage, nettoyage, d\u00e9graissage de surface.Cette technique est adapt\u00e9e aux travaux de pr\u00e9cisions [&hellip;]","og_url":"https:\/\/www.vergerdefouisseul.com\/index.php\/latelier-deco\/aerogommage\/","og_site_name":"Le Verger de Fouisseul","article_publisher":"https:\/\/www.facebook.com\/vergerfouisseul","article_modified_time":"2023-07-12T09:56:02+00:00","og_image":[{"width":1920,"height":2560,"url":"https:\/\/www.vergerdefouisseul.com\/wp-content\/uploads\/2020\/09\/IMG_20200903_181524-scaled.jpg","type":"image\/jpeg"}],"twitter_card":"summary_large_image","twitter_misc":{"Dur\u00e9e de lecture estim\u00e9e":"4 minutes"},"schema":{"@context":"https:\/\/schema.org","@graph":[{"@type":"WebPage","@id":"https:\/\/www.vergerdefouisseul.com\/index.php\/latelier-deco\/aerogommage\/","url":"https:\/\/www.vergerdefouisseul.com\/index.php\/latelier-deco\/aerogommage\/","name":"les prestations d'a\u00e9rogommage - Le Verger de Fouisseul","isPartOf":{"@id":"https:\/\/www.vergerdefouisseul.com\/#website"},"primaryImageOfPage":{"@id":"https:\/\/www.vergerdefouisseul.com\/index.php\/latelier-deco\/aerogommage\/#primaryimage"},"image":{"@id":"https:\/\/www.vergerdefouisseul.com\/index.php\/latelier-deco\/aerogommage\/#primaryimage"},"thumbnailUrl":"https:\/\/www.vergerdefouisseul.com\/wp-content\/uploads\/2020\/09\/IMG_20200903_181524-scaled.jpg","datePublished":"2020-02-10T13:47:56+00:00","dateModified":"2023-07-12T09:56:02+00:00","breadcrumb":{"@id":"https:\/\/www.vergerdefouisseul.com\/index.php\/latelier-deco\/aerogommage\/#breadcrumb"},"inLanguage":"fr-FR","potentialAction":[{"@type":"ReadAction","target":["https:\/\/www.vergerdefouisseul.com\/index.php\/latelier-deco\/aerogommage\/"]}]},{"@type":"ImageObject","inLanguage":"fr-FR","@id":"https:\/\/www.vergerdefouisseul.com\/index.php\/latelier-deco\/aerogommage\/#primaryimage","url":"https:\/\/www.vergerdefouisseul.com\/wp-content\/uploads\/2020\/09\/IMG_20200903_181524-scaled.jpg","contentUrl":"https:\/\/www.vergerdefouisseul.com\/wp-content\/uploads\/2020\/09\/IMG_20200903_181524-scaled.jpg","width":1920,"height":2560,"caption":"Cabriolet avant a\u00e9rogommage"},{"@type":"BreadcrumbList","@id":"https:\/\/www.vergerdefouisseul.com\/index.php\/latelier-deco\/aerogommage\/#breadcrumb","itemListElement":[{"@type":"ListItem","position":1,"name":"Accueil","item":"https:\/\/www.vergerdefouisseul.com\/"},{"@type":"ListItem","position":2,"name":"L&#8217;atelier D\u00e9co","item":"https:\/\/www.vergerdefouisseul.com\/index.php\/latelier-deco\/"},{"@type":"ListItem","position":3,"name":"les prestations d&#8217;a\u00e9rogommage"}]},{"@type":"WebSite","@id":"https:\/\/www.vergerdefouisseul.com\/#website","url":"https:\/\/www.vergerdefouisseul.com\/","name":"Le Verger de Fouisseul","description":"","potentialAction":[{"@type":"SearchAction","target":{"@type":"EntryPoint","urlTemplate":"https:\/\/www.vergerdefouisseul.com\/?s={search_term_string}"},"query-input":{"@type":"PropertyValueSpecification","valueRequired":true,"valueName":"search_term_string"}}],"inLanguage":"fr-FR"}]}},"_links":{"self":[{"href":"https:\/\/www.vergerdefouisseul.com\/index.php\/wp-json\/wp\/v2\/pages\/1654","targetHints":{"allow":["GET"]}}],"collection":[{"href":"https:\/\/www.vergerdefouisseul.com\/index.php\/wp-json\/wp\/v2\/pages"}],"about":[{"href":"https:\/\/www.vergerdefouisseul.com\/index.php\/wp-json\/wp\/v2\/types\/page"}],"author":[{"embeddable":true,"href":"https:\/\/www.vergerdefouisseul.com\/index.php\/wp-json\/wp\/v2\/users\/1"}],"replies":[{"embeddable":true,"href":"https:\/\/www.vergerdefouisseul.com\/index.php\/wp-json\/wp\/v2\/comments?post=1654"}],"version-history":[{"count":11,"href":"https:\/\/www.vergerdefouisseul.com\/index.php\/wp-json\/wp\/v2\/pages\/1654\/revisions"}],"predecessor-version":[{"id":2153,"href":"https:\/\/www.vergerdefouisseul.com\/index.php\/wp-json\/wp\/v2\/pages\/1654\/revisions\/2153"}],"up":[{"embeddable":true,"href":"https:\/\/www.vergerdefouisseul.com\/index.php\/wp-json\/wp\/v2\/pages\/1141"}],"wp:featuredmedia":[{"embeddable":true,"href":"https:\/\/www.vergerdefouisseul.com\/index.php\/wp-json\/wp\/v2\/media\/1788"}],"wp:attachment":[{"href":"https:\/\/www.vergerdefouisseul.com\/index.php\/wp-json\/wp\/v2\/media?parent=1654"}],"curies":[{"name":"wp","href":"https:\/\/api.w.org\/{rel}","templated":true}]}}